{"id":43,"date":"2020-12-01T10:39:37","date_gmt":"2020-12-01T09:39:37","guid":{"rendered":"https:\/\/clickandcollect.li\/boulangerie-du-marche\/?post_type=product&#038;p=43"},"modified":"2020-12-15T14:52:46","modified_gmt":"2020-12-15T13:52:46","slug":"tarte-aux-pommes","status":"publish","type":"product","link":"https:\/\/clickandcollect.li\/boulangerie-du-marche\/produit\/tarte-aux-pommes\/","title":{"rendered":"Tarte aux pommes"},"content":{"rendered":"<p>Une tarte \u00e0 la p\u00e2te fine et sabl\u00e9e, garnie d&rsquo;une compote de pomme et de fines lamelles de pommes. Id\u00e9ale pour le go\u00fbter !<\/p>\n","protected":false},"excerpt":{"rendered":"<p>Une tarte \u00e0 la p\u00e2te fine et sabl\u00e9e, garnie d&rsquo;une compote de pomme et de fines lamelles de pommes. Id\u00e9ale pour le go\u00fbter !<\/p>\n","protected":false},"featured_media":142,"comment_status":"open","ping_status":"closed","template":"","meta":{"site-sidebar-layout":"default","site-content-layout":"default","ast-site-content-layout":"default","site-content-style":"default","site-sidebar-style":"default","ast-global-header-display":"","ast-banner-title-visibility":"","ast-main-header-display":"","ast-hfb-above-header-display":"","ast-hfb-below-header-display":"","ast-hfb-mobile-header-display":"","site-post-title":"","ast-breadcrumbs-content":"","ast-featured-img":"","footer-sml-layout":"","ast-disable-related-posts":"","theme-transparent-header-meta":"default","adv-header-id-meta":"","stick-header-meta":"","header-above-stick-meta":"","header-main-stick-meta":"","header-below-stick-meta":"","astra-migrate-meta-layouts":"default","ast-page-background-enabled":"default","ast-page-background-meta":{"desktop":{"background-color":"","background-image":"","background-repeat":"repeat","background-position":"center center","background-size":"auto","background-attachment":"scroll","background-type":"","background-media":"","overlay-type":"","overlay-color":"","overlay-opacity":"","overlay-gradient":""},"tablet":{"background-color":"","background-image":"","background-repeat":"repeat","background-position":"center center","background-size":"auto","background-attachment":"scroll","background-type":"","background-media":"","overlay-type":"","overlay-color":"","overlay-opacity":"","overlay-gradient":""},"mobile":{"background-color":"","background-image":"","background-repeat":"repeat","background-position":"center center","background-size":"auto","background-attachment":"scroll","background-type":"","background-media":"","overlay-type":"","overlay-color":"","overlay-opacity":"","overlay-gradient":""}},"ast-content-background-meta":{"desktop":{"background-color":"var(--ast-global-color-5)","background-image":"","background-repeat":"repeat","background-position":"center center","background-size":"auto","background-attachment":"scroll","background-type":"","background-media":"","overlay-type":"","overlay-color":"","overlay-opacity":"","overlay-gradient":""},"tablet":{"background-color":"var(--ast-global-color-5)","background-image":"","background-repeat":"repeat","background-position":"center center","background-size":"auto","background-attachment":"scroll","background-type":"","background-media":"","overlay-type":"","overlay-color":"","overlay-opacity":"","overlay-gradient":""},"mobile":{"background-color":"var(--ast-global-color-5)","background-image":"","background-repeat":"repeat","background-position":"center center","background-size":"auto","background-attachment":"scroll","background-type":"","background-media":"","overlay-type":"","overlay-color":"","overlay-opacity":"","overlay-gradient":""}}},"product_cat":[20],"product_tag":[],"class_list":["post-43","product","type-product","status-publish","has-post-thumbnail","hentry","product_cat-patisserie","desktop-align-left","tablet-align-left","mobile-align-left"],"yoast_head":"<!-- This site is optimized with the Yoast SEO plugin v24.9 - https:\/\/yoast.com\/wordpress\/plugins\/seo\/ -->\n<title>Tarte aux pommes - Boulangerie du March\u00e9<\/title>\n<meta name=\"robots\" content=\"index, follow, max-snippet:-1, max-image-preview:large, max-video-preview:-1\" \/>\n<link rel=\"canonical\" href=\"https:\/\/clickandcollect.li\/boulangerie-du-marche\/produit\/tarte-aux-pommes\/\" \/>\n<meta property=\"og:locale\" content=\"fr_FR\" \/>\n<meta property=\"og:type\" content=\"article\" \/>\n<meta property=\"og:title\" content=\"Tarte aux pommes - Boulangerie du March\u00e9\" \/>\n<meta property=\"og:description\" content=\"Une tarte \u00e0 la p\u00e2te fine et sabl\u00e9e, garnie d&rsquo;une compote de pomme et de fines lamelles de pommes. Id\u00e9ale pour le go\u00fbter !\" \/>\n<meta property=\"og:url\" content=\"https:\/\/clickandcollect.li\/boulangerie-du-marche\/produit\/tarte-aux-pommes\/\" \/>\n<meta property=\"og:site_name\" content=\"Boulangerie du March\u00e9\" \/>\n<meta property=\"article:modified_time\" content=\"2020-12-15T13:52:46+00:00\" \/>\n<meta property=\"og:image\" content=\"https:\/\/clickandcollect.li\/boulangerie-du-marche\/wp-content\/uploads\/sites\/4\/2020\/12\/tarteauxpommes.jpg\" \/>\n\t<meta property=\"og:image:width\" content=\"1920\" \/>\n\t<meta property=\"og:image:height\" content=\"1280\" \/>\n\t<meta property=\"og:image:type\" content=\"image\/jpeg\" \/>\n<meta name=\"twitter:card\" content=\"summary_large_image\" \/>\n<script type=\"application\/ld+json\" class=\"yoast-schema-graph\">{\"@context\":\"https:\/\/schema.org\",\"@graph\":[{\"@type\":\"WebPage\",\"@id\":\"https:\/\/clickandcollect.li\/boulangerie-du-marche\/produit\/tarte-aux-pommes\/\",\"url\":\"https:\/\/clickandcollect.li\/boulangerie-du-marche\/produit\/tarte-aux-pommes\/\",\"name\":\"Tarte aux pommes - Boulangerie du March\u00e9\",\"isPartOf\":{\"@id\":\"https:\/\/clickandcollect.li\/boulangerie-du-marche\/#website\"},\"primaryImageOfPage\":{\"@id\":\"https:\/\/clickandcollect.li\/boulangerie-du-marche\/produit\/tarte-aux-pommes\/#primaryimage\"},\"image\":{\"@id\":\"https:\/\/clickandcollect.li\/boulangerie-du-marche\/produit\/tarte-aux-pommes\/#primaryimage\"},\"thumbnailUrl\":\"https:\/\/clickandcollect.li\/boulangerie-du-marche\/wp-content\/uploads\/sites\/4\/2020\/12\/tarteauxpommes.jpg\",\"datePublished\":\"2020-12-01T09:39:37+00:00\",\"dateModified\":\"2020-12-15T13:52:46+00:00\",\"breadcrumb\":{\"@id\":\"https:\/\/clickandcollect.li\/boulangerie-du-marche\/produit\/tarte-aux-pommes\/#breadcrumb\"},\"inLanguage\":\"fr-FR\",\"potentialAction\":[{\"@type\":\"ReadAction\",\"target\":[\"https:\/\/clickandcollect.li\/boulangerie-du-marche\/produit\/tarte-aux-pommes\/\"]}]},{\"@type\":\"ImageObject\",\"inLanguage\":\"fr-FR\",\"@id\":\"https:\/\/clickandcollect.li\/boulangerie-du-marche\/produit\/tarte-aux-pommes\/#primaryimage\",\"url\":\"https:\/\/clickandcollect.li\/boulangerie-du-marche\/wp-content\/uploads\/sites\/4\/2020\/12\/tarteauxpommes.jpg\",\"contentUrl\":\"https:\/\/clickandcollect.li\/boulangerie-du-marche\/wp-content\/uploads\/sites\/4\/2020\/12\/tarteauxpommes.jpg\",\"width\":1920,\"height\":1280},{\"@type\":\"BreadcrumbList\",\"@id\":\"https:\/\/clickandcollect.li\/boulangerie-du-marche\/produit\/tarte-aux-pommes\/#breadcrumb\",\"itemListElement\":[{\"@type\":\"ListItem\",\"position\":1,\"name\":\"Accueil\",\"item\":\"https:\/\/clickandcollect.li\/boulangerie-du-marche\/\"},{\"@type\":\"ListItem\",\"position\":2,\"name\":\"Boutique\",\"item\":\"https:\/\/clickandcollect.li\/boulangerie-du-marche\/boutique\/\"},{\"@type\":\"ListItem\",\"position\":3,\"name\":\"Tarte aux pommes\"}]},{\"@type\":\"WebSite\",\"@id\":\"https:\/\/clickandcollect.li\/boulangerie-du-marche\/#website\",\"url\":\"https:\/\/clickandcollect.li\/boulangerie-du-marche\/\",\"name\":\"Boulangerie du March\u00e9\",\"description\":\"Un site utilisant Les sites de Click and Collect\",\"publisher\":{\"@id\":\"https:\/\/clickandcollect.li\/boulangerie-du-marche\/#organization\"},\"potentialAction\":[{\"@type\":\"SearchAction\",\"target\":{\"@type\":\"EntryPoint\",\"urlTemplate\":\"https:\/\/clickandcollect.li\/boulangerie-du-marche\/?s={search_term_string}\"},\"query-input\":{\"@type\":\"PropertyValueSpecification\",\"valueRequired\":true,\"valueName\":\"search_term_string\"}}],\"inLanguage\":\"fr-FR\"},{\"@type\":\"Organization\",\"@id\":\"https:\/\/clickandcollect.li\/boulangerie-du-marche\/#organization\",\"name\":\"Boulangerie du March\u00e9\",\"url\":\"https:\/\/clickandcollect.li\/boulangerie-du-marche\/\",\"logo\":{\"@type\":\"ImageObject\",\"inLanguage\":\"fr-FR\",\"@id\":\"https:\/\/clickandcollect.li\/boulangerie-du-marche\/#\/schema\/logo\/image\/\",\"url\":\"https:\/\/clickandcollect.li\/boulangerie-du-marche\/wp-content\/uploads\/sites\/4\/2020\/12\/logo-boulangerie-marche.png\",\"contentUrl\":\"https:\/\/clickandcollect.li\/boulangerie-du-marche\/wp-content\/uploads\/sites\/4\/2020\/12\/logo-boulangerie-marche.png\",\"width\":512,\"height\":512,\"caption\":\"Boulangerie du March\u00e9\"},\"image\":{\"@id\":\"https:\/\/clickandcollect.li\/boulangerie-du-marche\/#\/schema\/logo\/image\/\"}}]}<\/script>\n<!-- \/ Yoast SEO plugin. -->","yoast_head_json":{"title":"Tarte aux pommes - Boulangerie du March\u00e9","robots":{"index":"index","follow":"follow","max-snippet":"max-snippet:-1","max-image-preview":"max-image-preview:large","max-video-preview":"max-video-preview:-1"},"canonical":"https:\/\/clickandcollect.li\/boulangerie-du-marche\/produit\/tarte-aux-pommes\/","og_locale":"fr_FR","og_type":"article","og_title":"Tarte aux pommes - Boulangerie du March\u00e9","og_description":"Une tarte \u00e0 la p\u00e2te fine et sabl\u00e9e, garnie d&rsquo;une compote de pomme et de fines lamelles de pommes. Id\u00e9ale pour le go\u00fbter !","og_url":"https:\/\/clickandcollect.li\/boulangerie-du-marche\/produit\/tarte-aux-pommes\/","og_site_name":"Boulangerie du March\u00e9","article_modified_time":"2020-12-15T13:52:46+00:00","og_image":[{"width":1920,"height":1280,"url":"https:\/\/clickandcollect.li\/boulangerie-du-marche\/wp-content\/uploads\/sites\/4\/2020\/12\/tarteauxpommes.jpg","type":"image\/jpeg"}],"twitter_card":"summary_large_image","schema":{"@context":"https:\/\/schema.org","@graph":[{"@type":"WebPage","@id":"https:\/\/clickandcollect.li\/boulangerie-du-marche\/produit\/tarte-aux-pommes\/","url":"https:\/\/clickandcollect.li\/boulangerie-du-marche\/produit\/tarte-aux-pommes\/","name":"Tarte aux pommes - Boulangerie du March\u00e9","isPartOf":{"@id":"https:\/\/clickandcollect.li\/boulangerie-du-marche\/#website"},"primaryImageOfPage":{"@id":"https:\/\/clickandcollect.li\/boulangerie-du-marche\/produit\/tarte-aux-pommes\/#primaryimage"},"image":{"@id":"https:\/\/clickandcollect.li\/boulangerie-du-marche\/produit\/tarte-aux-pommes\/#primaryimage"},"thumbnailUrl":"https:\/\/clickandcollect.li\/boulangerie-du-marche\/wp-content\/uploads\/sites\/4\/2020\/12\/tarteauxpommes.jpg","datePublished":"2020-12-01T09:39:37+00:00","dateModified":"2020-12-15T13:52:46+00:00","breadcrumb":{"@id":"https:\/\/clickandcollect.li\/boulangerie-du-marche\/produit\/tarte-aux-pommes\/#breadcrumb"},"inLanguage":"fr-FR","potentialAction":[{"@type":"ReadAction","target":["https:\/\/clickandcollect.li\/boulangerie-du-marche\/produit\/tarte-aux-pommes\/"]}]},{"@type":"ImageObject","inLanguage":"fr-FR","@id":"https:\/\/clickandcollect.li\/boulangerie-du-marche\/produit\/tarte-aux-pommes\/#primaryimage","url":"https:\/\/clickandcollect.li\/boulangerie-du-marche\/wp-content\/uploads\/sites\/4\/2020\/12\/tarteauxpommes.jpg","contentUrl":"https:\/\/clickandcollect.li\/boulangerie-du-marche\/wp-content\/uploads\/sites\/4\/2020\/12\/tarteauxpommes.jpg","width":1920,"height":1280},{"@type":"BreadcrumbList","@id":"https:\/\/clickandcollect.li\/boulangerie-du-marche\/produit\/tarte-aux-pommes\/#breadcrumb","itemListElement":[{"@type":"ListItem","position":1,"name":"Accueil","item":"https:\/\/clickandcollect.li\/boulangerie-du-marche\/"},{"@type":"ListItem","position":2,"name":"Boutique","item":"https:\/\/clickandcollect.li\/boulangerie-du-marche\/boutique\/"},{"@type":"ListItem","position":3,"name":"Tarte aux pommes"}]},{"@type":"WebSite","@id":"https:\/\/clickandcollect.li\/boulangerie-du-marche\/#website","url":"https:\/\/clickandcollect.li\/boulangerie-du-marche\/","name":"Boulangerie du March\u00e9","description":"Un site utilisant Les sites de Click and Collect","publisher":{"@id":"https:\/\/clickandcollect.li\/boulangerie-du-marche\/#organization"},"potentialAction":[{"@type":"SearchAction","target":{"@type":"EntryPoint","urlTemplate":"https:\/\/clickandcollect.li\/boulangerie-du-marche\/?s={search_term_string}"},"query-input":{"@type":"PropertyValueSpecification","valueRequired":true,"valueName":"search_term_string"}}],"inLanguage":"fr-FR"},{"@type":"Organization","@id":"https:\/\/clickandcollect.li\/boulangerie-du-marche\/#organization","name":"Boulangerie du March\u00e9","url":"https:\/\/clickandcollect.li\/boulangerie-du-marche\/","logo":{"@type":"ImageObject","inLanguage":"fr-FR","@id":"https:\/\/clickandcollect.li\/boulangerie-du-marche\/#\/schema\/logo\/image\/","url":"https:\/\/clickandcollect.li\/boulangerie-du-marche\/wp-content\/uploads\/sites\/4\/2020\/12\/logo-boulangerie-marche.png","contentUrl":"https:\/\/clickandcollect.li\/boulangerie-du-marche\/wp-content\/uploads\/sites\/4\/2020\/12\/logo-boulangerie-marche.png","width":512,"height":512,"caption":"Boulangerie du March\u00e9"},"image":{"@id":"https:\/\/clickandcollect.li\/boulangerie-du-marche\/#\/schema\/logo\/image\/"}}]}},"_links":{"self":[{"href":"https:\/\/clickandcollect.li\/boulangerie-du-marche\/wp-json\/wp\/v2\/product\/43","targetHints":{"allow":["GET"]}}],"collection":[{"href":"https:\/\/clickandcollect.li\/boulangerie-du-marche\/wp-json\/wp\/v2\/product"}],"about":[{"href":"https:\/\/clickandcollect.li\/boulangerie-du-marche\/wp-json\/wp\/v2\/types\/product"}],"replies":[{"embeddable":true,"href":"https:\/\/clickandcollect.li\/boulangerie-du-marche\/wp-json\/wp\/v2\/comments?post=43"}],"wp:featuredmedia":[{"embeddable":true,"href":"https:\/\/clickandcollect.li\/boulangerie-du-marche\/wp-json\/wp\/v2\/media\/142"}],"wp:attachment":[{"href":"https:\/\/clickandcollect.li\/boulangerie-du-marche\/wp-json\/wp\/v2\/media?parent=43"}],"wp:term":[{"taxonomy":"product_cat","embeddable":true,"href":"https:\/\/clickandcollect.li\/boulangerie-du-marche\/wp-json\/wp\/v2\/product_cat?post=43"},{"taxonomy":"product_tag","embeddable":true,"href":"https:\/\/clickandcollect.li\/boulangerie-du-marche\/wp-json\/wp\/v2\/product_tag?post=43"}],"curies":[{"name":"wp","href":"https:\/\/api.w.org\/{rel}","templated":true}]}}

<p>Une tarte à la pâte fine et sablée, garnie d&rsquo;une compote de pomme et de fines lamelles de pommes. Idéale pour le goûter !</p>

<!-- This site is optimized with the Yoast SEO plugin v24.9 - https://yoast.com/wordpress/plugins/seo/ -->
<title>Tarte aux pommes - Boulangerie du Marché</title>
<meta name="robots" content="index, follow, max-snippet:-1, max-image-preview:large, max-video-preview:-1" />
<link rel="canonical" href="https://clickandcollect.li/boulangerie-du-marche/produit/tarte-aux-pommes/" />
<meta property="og:locale" content="fr_FR" />
<meta property="og:type" content="article" />
<meta property="og:title" content="Tarte aux pommes - Boulangerie du Marché" />
<meta property="og:description" content="Une tarte à la pâte fine et sablée, garnie d&rsquo;une compote de pomme et de fines lamelles de pommes. Idéale pour le goûter !" />
<meta property="og:url" content="https://clickandcollect.li/boulangerie-du-marche/produit/tarte-aux-pommes/" />
<meta property="og:site_name" content="Boulangerie du Marché" />
<meta property="article:modified_time" content="2020-12-15T13:52:46+00:00" />
<meta property="og:image" content="https://clickandcollect.li/boulangerie-du-marche/wp-content/uploads/sites/4/2020/12/tarteauxpommes.jpg" />
	<meta property="og:image:width" content="1920" />
	<meta property="og:image:height" content="1280" />
	<meta property="og:image:type" content="image/jpeg" />
<meta name="twitter:card" content="summary_large_image" />
<script type="application/ld+json" class="yoast-schema-graph">{"@context":"https://schema.org","@graph":[{"@type":"WebPage","@id":"https://clickandcollect.li/boulangerie-du-marche/produit/tarte-aux-pommes/","url":"https://clickandcollect.li/boulangerie-du-marche/produit/tarte-aux-pommes/","name":"Tarte aux pommes - Boulangerie du Marché","isPartOf":{"@id":"https://clickandcollect.li/boulangerie-du-marche/#website"},"primaryImageOfPage":{"@id":"https://clickandcollect.li/boulangerie-du-marche/produit/tarte-aux-pommes/#primaryimage"},"image":{"@id":"https://clickandcollect.li/boulangerie-du-marche/produit/tarte-aux-pommes/#primaryimage"},"thumbnailUrl":"https://clickandcollect.li/boulangerie-du-marche/wp-content/uploads/sites/4/2020/12/tarteauxpommes.jpg","datePublished":"2020-12-01T09:39:37+00:00","dateModified":"2020-12-15T13:52:46+00:00","breadcrumb":{"@id":"https://clickandcollect.li/boulangerie-du-marche/produit/tarte-aux-pommes/#breadcrumb"},"inLanguage":"fr-FR","potentialAction":[{"@type":"ReadAction","target":["https://clickandcollect.li/boulangerie-du-marche/produit/tarte-aux-pommes/"]}]},{"@type":"ImageObject","inLanguage":"fr-FR","@id":"https://clickandcollect.li/boulangerie-du-marche/produit/tarte-aux-pommes/#primaryimage","url":"https://clickandcollect.li/boulangerie-du-marche/wp-content/uploads/sites/4/2020/12/tarteauxpommes.jpg","contentUrl":"https://clickandcollect.li/boulangerie-du-marche/wp-content/uploads/sites/4/2020/12/tarteauxpommes.jpg","width":1920,"height":1280},{"@type":"BreadcrumbList","@id":"https://clickandcollect.li/boulangerie-du-marche/produit/tarte-aux-pommes/#breadcrumb","itemListElement":[{"@type":"ListItem","position":1,"name":"Accueil","item":"https://clickandcollect.li/boulangerie-du-marche/"},{"@type":"ListItem","position":2,"name":"Boutique","item":"https://clickandcollect.li/boulangerie-du-marche/boutique/"},{"@type":"ListItem","position":3,"name":"Tarte aux pommes"}]},{"@type":"WebSite","@id":"https://clickandcollect.li/boulangerie-du-marche/#website","url":"https://clickandcollect.li/boulangerie-du-marche/","name":"Boulangerie du Marché","description":"Un site utilisant Les sites de Click and Collect","publisher":{"@id":"https://clickandcollect.li/boulangerie-du-marche/#organization"},"potentialAction":[{"@type":"SearchAction","target":{"@type":"EntryPoint","urlTemplate":"https://clickandcollect.li/boulangerie-du-marche/?s={search_term_string}"},"query-input":{"@type":"PropertyValueSpecification","valueRequired":true,"valueName":"search_term_string"}}],"inLanguage":"fr-FR"},{"@type":"Organization","@id":"https://clickandcollect.li/boulangerie-du-marche/#organization","name":"Boulangerie du Marché","url":"https://clickandcollect.li/boulangerie-du-marche/","logo":{"@type":"ImageObject","inLanguage":"fr-FR","@id":"https://clickandcollect.li/boulangerie-du-marche/#/schema/logo/image/","url":"https://clickandcollect.li/boulangerie-du-marche/wp-content/uploads/sites/4/2020/12/logo-boulangerie-marche.png","contentUrl":"https://clickandcollect.li/boulangerie-du-marche/wp-content/uploads/sites/4/2020/12/logo-boulangerie-marche.png","width":512,"height":512,"caption":"Boulangerie du Marché"},"image":{"@id":"https://clickandcollect.li/boulangerie-du-marche/#/schema/logo/image/"}}]}</script>
<!-- / Yoast SEO plugin. -->

Tarte aux pommes - Boulangerie du Marché

Une tarte à la pâte fine et sablée, garnie d&rsquo;une compote de pomme et de fines lamelles de pommes. Idéale pour le goûter !

Boulangerie du Marché
